{"id":1778,"date":"2025-05-15T21:15:31","date_gmt":"2025-05-15T19:15:31","guid":{"rendered":"https:\/\/www.niangacreations.fr\/?post_type=product&#038;p=1778"},"modified":"2026-04-13T18:38:32","modified_gmt":"2026-04-13T16:38:32","slug":"boite-transparente-3d","status":"publish","type":"product","link":"https:\/\/www.niangacreations.fr\/index.php\/produit\/boite-transparente-3d\/","title":{"rendered":"Bo\u00eete transparente 3D personnalisable \u2013 Cadeau invit\u00e9 mariage, bapt\u00eame &#038; anniversaire unique"},"content":{"rendered":"<p data-start=\"473\" data-end=\"764\">Ajoutez une touche unique et d\u00e9licate \u00e0 votre \u00e9v\u00e9nement avec cette <strong data-start=\"540\" data-end=\"565\">bo\u00eete transparente 3D<\/strong>, \u00e0 la fois d\u00e9corative et pratique.<br data-start=\"600\" data-end=\"603\" \/>Pens\u00e9e pour sublimer vos tables et faire plaisir \u00e0 vos invit\u00e9s, elle transforme chaque petit cadeau en un <strong data-start=\"709\" data-end=\"730\">souvenir pr\u00e9cieux<\/strong>, rempli d\u2019attention et d\u2019\u00e9motion.<\/p>\n<p data-start=\"766\" data-end=\"905\">Id\u00e9ale pour un <strong data-start=\"781\" data-end=\"840\">mariage, un bapt\u00eame, un anniversaire ou une baby shower<\/strong>, cette cr\u00e9ation artisanale fera sensation d\u00e8s le premier regard.<\/p>\n<p data-start=\"958\" data-end=\"1304\"><strong data-start=\"960\" data-end=\"982\">\u00a0&#8211; Design 3D original<\/strong> pour un effet \u201cwaouh\u201d garanti<br data-start=\"1012\" data-end=\"1015\" \/><strong data-start=\"1017\" data-end=\"1058\">&#8211;\u00a0 Papier cartonn\u00e9 de qualit\u00e9 sup\u00e9rieure<\/strong>, d\u00e9coup\u00e9 et assembl\u00e9 avec soin<br data-start=\"1089\" data-end=\"1092\" \/><strong data-start=\"1094\" data-end=\"1128\">&#8211;\u00a0 Ouverture et fermeture faciles<\/strong>, sans ab\u00eemer la cr\u00e9ation<br data-start=\"1153\" data-end=\"1156\" \/><strong data-start=\"1158\" data-end=\"1184\">&#8211;\u00a0 Bo\u00eete vendue \u00e0 l\u2019unit\u00e9<\/strong>, livr\u00e9e vide pour une libert\u00e9 totale de remplissage<br data-start=\"1236\" data-end=\"1239\" \/><strong data-start=\"1241\" data-end=\"1264\">&#8211;\u00a0 Cr\u00e9ation artisanale<\/strong>, r\u00e9alis\u00e9e avec minutie dans mon atelier<\/p>\n<p><strong><u>Dimensions<\/u><\/strong><strong> :<\/strong><\/p>\n<ul>\n<li data-start=\"1384\" data-end=\"1409\">\n<p data-start=\"1386\" data-end=\"1409\">Hauteur : <strong data-start=\"1396\" data-end=\"1407\">15,5 cm<\/strong><\/p>\n<\/li>\n<li data-start=\"1410\" data-end=\"1481\">\n<p data-start=\"1412\" data-end=\"1481\">Largeur (c\u00f4t\u00e9) : <strong data-start=\"1429\" data-end=\"1439\">5,7 cm<\/strong><br \/>\n<em>Dimensions hors motif d\u00e9coratif<\/em><\/p>\n<\/li>\n<\/ul>\n<p><strong><u>Contenu et usage<\/u><\/strong><strong> :<\/strong><\/p>\n<p data-start=\"1526\" data-end=\"1597\">Cette bo\u00eete transparente 3D peut \u00eatre remplie selon vos envies avec :<\/p>\n<ul data-start=\"1598\" data-end=\"1705\">\n<li data-start=\"1598\" data-end=\"1620\">\n<p data-start=\"1600\" data-end=\"1620\">bonbons ou drag\u00e9es<\/p>\n<\/li>\n<li data-start=\"1621\" data-end=\"1634\">\n<p data-start=\"1623\" data-end=\"1634\">chocolats<\/p>\n<\/li>\n<li data-start=\"1635\" data-end=\"1646\">\n<p data-start=\"1637\" data-end=\"1646\">bougies<\/p>\n<\/li>\n<li data-start=\"1647\" data-end=\"1665\">\n<p data-start=\"1649\" data-end=\"1665\">petits goodies<\/p>\n<\/li>\n<li data-start=\"1666\" data-end=\"1705\">\n<p data-start=\"1668\" data-end=\"1705\">stylos ou attentions personnalis\u00e9es<\/p>\n<\/li>\n<\/ul>\n<p data-start=\"1707\" data-end=\"1833\">Elle est parfaite comme :<br data-start=\"1732\" data-end=\"1735\" \/>\u2714\ufe0f cadeau d\u2019invit\u00e9<br data-start=\"1753\" data-end=\"1756\" \/>\u2714\ufe0f bo\u00eete \u00e0 drag\u00e9es<br data-start=\"1774\" data-end=\"1777\" \/>\u2714\ufe0f marque-place original<br data-start=\"1801\" data-end=\"1804\" \/>\u2714\ufe0f \u00e9l\u00e9ment d\u00e9coratif de table<\/p>\n<p><strong><u>Personnalisation possible<\/u><\/strong><strong> :<\/strong><\/p>\n<p data-start=\"1884\" data-end=\"2072\">Vous souhaitez adapter le <strong data-start=\"1910\" data-end=\"1966\">th\u00e8me, les couleurs, ajouter un pr\u00e9nom ou un message<\/strong> ?<br data-start=\"1968\" data-end=\"1971\" \/>Je vous accompagne pour cr\u00e9er une <strong data-start=\"2005\" data-end=\"2037\">bo\u00eete enti\u00e8rement sur mesure<\/strong>, en harmonie avec votre \u00e9v\u00e9nement.<\/p>\n<p data-start=\"2074\" data-end=\"2154\">\ud83d\udc49 <strong data-start=\"2077\" data-end=\"2126\">Contactez-moi pour une cr\u00e9ation personnalis\u00e9e<\/strong>, pens\u00e9e rien que pour vous.<\/p>\n<p data-start=\"2074\" data-end=\"2154\">\ud83e\udd0dChaque cr\u00e9ation est r\u00e9alis\u00e9e \u00e0 la main avec soin, patience et passion.<\/p>\n<p>&nbsp;<\/p>\n","protected":false},"excerpt":{"rendered":"<p><strong>Un souvenir d\u00e9licat et \u00e9l\u00e9gant pour sublimer vos tables et faire plaisir \u00e0 vos invit\u00e9s.<\/strong><\/p>\n","protected":false},"featured_media":1784,"comment_status":"open","ping_status":"closed","template":"","meta":[],"product_brand":[],"product_cat":[25,47],"product_tag":[],"class_list":{"0":"post-1778","1":"product","2":"type-product","3":"status-publish","4":"has-post-thumbnail","6":"product_cat-papeterie","7":"product_cat-les-creations-a-personnaliser","8":"wcpa_has_options","10":"first","11":"instock","12":"shipping-taxable","13":"purchasable","14":"product-type-simple"},"jetpack_sharing_enabled":true,"wcpa_form_fields":{"wcpaData":{"product":{"product_price":7,"price_html":"<span class=\"woocommerce-Price-amount amount\"><bdi>7,00&nbsp;<span class=\"woocommerce-Price-currencySymbol\">&euro;<\/span><\/bdi><\/span>","original_product_price":7,"price_including_tax":7,"price_excluding_tax":7,"product_id":{"parent":1778,"variation":false},"is_variable":false,"stock_status":"instock","stock_quantity":null,"parent_sku":"","product_attributes":[],"custom_fields":[],"is_taxable":false,"product_name":"Bo\u00eete transparente 3D personnalisable \u2013 Cadeau invit\u00e9 mariage, bapt\u00eame & anniversaire unique","hasImage":false},"fields":{"sec_6674a181dab7e4":{"extra":{"key":"sec_6674a181dab7e4","section_id":"sec_6674a181dab7e4","name":"Default","status":1,"cl_rule":"show","enableCl":false,"relations":[],"toggle":true,"title_tag":"h3","show_title":false,"showPrice":"default","form_id":1441,"form_rules":{"exclude_from_discount":false,"fee_label":"Obligatoire","disp_hide_options_price":false,"disp_show_section_price":false,"disp_show_field_price":false,"layout_option":"standard","pric_use_as_fee":false,"process_fee_as":"woo_fee"},"layout_option":"standard"},"fields":[[{"active":true,"col":6,"relations":false,"cl_rule":"show","enableCl":false,"price":"","enablePrice":false,"className":"","label_position":"default","desc_position":"default","type":"select","required":true,"elementId":"select_9091090051","label":"Choix du th\u00e8me","name":"select_9091090051","values":[{"label":"S\u00e9lectionner","value":"S\u00e9lectionner","selected":false,"tempId":"aco_3651","gt_translate_keys":["label"]},{"label":"1 Babyshower","value":"1 Babyshower","selected":false,"tempId":"aco_3053","gt_translate_keys":["label"]},{"label":"2 Tendre moment","value":"2 Tendre moment","selected":false,"tempId":"aco_2997","gt_translate_keys":["label"]},{"label":"3 C\u00e9l\u00e9bration florale 1","value":"3 C\u00e9l\u00e9bration florale 1","selected":false,"tempId":"aco_1171","gt_translate_keys":["label"]},{"label":"4 C\u00e9l\u00e9bration florale 2","value":"4 C\u00e9l\u00e9bration florale 2","selected":false,"tempId":"aco_1901","gt_translate_keys":["label"]},{"label":"5 Coeur de lapine","value":"5 Coeur de lapine","selected":false,"tempId":"aco_467","gt_translate_keys":["label"]},{"label":"6 Danceuse \u00e9toile","value":"6 Danceuse \u00e9toile","selected":false,"tempId":"aco_192","gt_translate_keys":["label"]},{"label":"7 Renard en f\u00eate","value":"7 Renard en f\u00eate","selected":false,"tempId":"aco_975","gt_translate_keys":["label"]},{"label":"8 Pretty renarde","value":"8 Pretty renarde","selected":false,"tempId":"aco_802","gt_translate_keys":["label"]},{"label":"9 Dans les \u00e9toiles","value":"9 Dans les \u00e9toiles","selected":false,"tempId":"aco_965","gt_translate_keys":["label"]},{"label":"10 Licorne magique","value":"10 Licorne Magique","selected":false,"tempId":"aco_178","gt_translate_keys":["label"]},{"label":"11 Renarde aux pays des r\u00eaves","value":"11 Renarde aux pays des r\u00eaves","selected":false,"tempId":"aco_2317","gt_translate_keys":["label"]},{"label":"12 La lapine et jardin enchant\u00e9","value":"12 La lapine et jardin enchant\u00e9","selected":false,"tempId":"aco_2913","gt_translate_keys":["label"]},{"label":"13 R\u00eaverie \u00e9ph\u00e9m\u00e8re","value":"13 R\u00eaverie \u00e9ph\u00e9m\u00e8re","selected":false,"tempId":"aco_1223","gt_translate_keys":["label"]},{"label":"14 Astronaute","value":"14 Astronaute","selected":false,"tempId":"aco_507","gt_translate_keys":["label"]},{"label":"15 Safari","value":"15 Safari","selected":false,"tempId":"aco_389","gt_translate_keys":["label"]},{"label":"16 Lumi\u00e8re des mers","value":"16 Lumi\u00e8re des mers","selected":false,"tempId":"aco_2714","gt_translate_keys":["label"]},{"label":"17 Cowboy","value":"17 Cowboy","selected":false,"tempId":"aco_1684","gt_translate_keys":["label"]},{"label":"18 Renard en vadrouille","value":"18 Renard en vadrouille","selected":false,"tempId":"aco_19","gt_translate_keys":["label"]},{"label":"19 Pompier","value":"19 Pompier","selected":false,"tempId":"aco_733","gt_translate_keys":["label"]},{"label":"20 Aviateur","value":"20 Aviateur","selected":false,"tempId":"aco_833","gt_translate_keys":["label"]},{"label":"21 Tendre ourson","value":"21 Tendre ourson","selected":false,"tempId":"aco_843","gt_translate_keys":["label"]},{"label":"22 Douceur florale","value":"22 Douceur florale","selected":false,"tempId":"aco_2969","gt_translate_keys":["label"]},{"label":"23 El\u00e9gance v\u00e9g\u00e9tale","value":"23 El\u00e9gance v\u00e9g\u00e9tale","selected":false,"tempId":"aco_2941","gt_translate_keys":["label"]},{"label":"24 Mariage","value":"24 Mariage","selected":false,"tempId":"aco_1431","gt_translate_keys":["label"]},{"label":"25 Cin\u00e9ma","value":"25 Cin\u00e9ma","selected":false,"tempId":"aco_191","gt_translate_keys":["label"]},{"label":"26 Eclat de couleurs","value":"26 Eclat de couleurs","selected":false,"tempId":"aco_3025","gt_translate_keys":["label"]},{"label":"27 Ourson en montgolfi\u00e8re","value":"27 Ourson en montgolfi\u00e8re","selected":false,"tempId":"aco_765","gt_translate_keys":["label"]}],"error":false,"dropdown_type":"basic","gt_translate_keys":["label"],"price_dependency":false,"cl_dependency":false,"value":""}]]},"sec_0670fd88970147":{"extra":{"key":"sec_0670fd88970147","section_id":"sec_0670fd88970147","name":"Default","status":1,"cl_rule":"show","enableCl":false,"relations":[],"toggle":true,"title_tag":"h3","show_title":false,"showPrice":"default","form_id":717,"form_rules":{"exclude_from_discount":false,"fee_label":"Obligatoire","disp_hide_options_price":false,"disp_show_section_price":false,"disp_show_field_price":false,"layout_option":"standard","pric_use_as_fee":false,"process_fee_as":"woo_fee"},"layout_option":"standard"},"fields":[[{"active":true,"col":6,"relations":false,"cl_rule":"show","enableCl":false,"price":"","enablePrice":false,"className":"","label_position":"default","desc_position":"default","type":"text","subtype":"text","required":true,"elementId":"text_0917299151","label":"Inscription souhait\u00e9e (pr\u00e9nom, \u00e2ge, initiales...)","name":"text_0917299151","value":"","error":false,"gt_translate_keys":["label","value"],"price_dependency":false,"cl_dependency":false}],[{"active":true,"col":6,"relations":false,"cl_rule":"show","enableCl":false,"price":"","enablePrice":false,"className":"","label_position":"default","desc_position":"default","type":"date","required":true,"elementId":"date_9184146226","name":"date_9184146226","label":"Date de l'\u00e9v\u00e8nement","picker_type":"custom","picker_mode":"single","error":false,"gt_translate_keys":["label"],"price_dependency":false,"cl_dependency":false,"value":""}]]}},"config":{"price_override":"","enable_recaptcha":false,"bind_quantity":false,"quantity_bind_formula":false,"disp_summ_show_option_price":false,"disp_summ_show_product_price":false,"disp_summ_show_total_price":false,"disp_summ_show_fee":false,"disp_summ_show_discount":false,"summary_title":"","options_total_label":"Prix des options","total_label":"Total","options_product_label":"Product Price","fee_label":"Obligatoire","discount_label":"Discount","has_price":true,"has_quantity_formula":false},"mc_unit":1,"tax_rate":1,"tax_rate_real":1,"discount":{"percentage":0,"fixed":0},"design":{"conf":{"LabelPosition":"above","DescPosition":"above","UploadField":"custom_1","QuantityFieldStyle":"default"},"css":{"LeftLabelWidth":"80px"}},"formulas":[],"lookuptables":[],"clones":false,"cartKey":false}},"_links":{"self":[{"href":"https:\/\/www.niangacreations.fr\/index.php\/wp-json\/wp\/v2\/product\/1778","targetHints":{"allow":["GET"]}}],"collection":[{"href":"https:\/\/www.niangacreations.fr\/index.php\/wp-json\/wp\/v2\/product"}],"about":[{"href":"https:\/\/www.niangacreations.fr\/index.php\/wp-json\/wp\/v2\/types\/product"}],"replies":[{"embeddable":true,"href":"https:\/\/www.niangacreations.fr\/index.php\/wp-json\/wp\/v2\/comments?post=1778"}],"wp:featuredmedia":[{"embeddable":true,"href":"https:\/\/www.niangacreations.fr\/index.php\/wp-json\/wp\/v2\/media\/1784"}],"wp:attachment":[{"href":"https:\/\/www.niangacreations.fr\/index.php\/wp-json\/wp\/v2\/media?parent=1778"}],"wp:term":[{"taxonomy":"product_brand","embeddable":true,"href":"https:\/\/www.niangacreations.fr\/index.php\/wp-json\/wp\/v2\/product_brand?post=1778"},{"taxonomy":"product_cat","embeddable":true,"href":"https:\/\/www.niangacreations.fr\/index.php\/wp-json\/wp\/v2\/product_cat?post=1778"},{"taxonomy":"product_tag","embeddable":true,"href":"https:\/\/www.niangacreations.fr\/index.php\/wp-json\/wp\/v2\/product_tag?post=1778"}],"curies":[{"name":"wp","href":"https:\/\/api.w.org\/{rel}","templated":true}]}}