{"id":2647,"date":"2025-11-01T18:00:42","date_gmt":"2025-11-01T17:00:42","guid":{"rendered":"https:\/\/www.niangacreations.fr\/?post_type=product&#038;p=2647"},"modified":"2025-12-12T17:21:24","modified_gmt":"2025-12-12T16:21:24","slug":"cake-topper-de-noel","status":"publish","type":"product","link":"https:\/\/www.niangacreations.fr\/index.php\/produit\/cake-topper-de-noel\/","title":{"rendered":"Cake topper de No\u00ebl \u2013 D\u00e9coration \u00e9l\u00e9gante pour b\u00fbche et g\u00e2teaux"},"content":{"rendered":"<p data-start=\"129\" data-end=\"424\">Apportez la touche finale \u00e0 vos douceurs de f\u00eate avec ces <strong data-start=\"186\" data-end=\"209\">cake topper de No\u00ebl<\/strong>, imagin\u00e9s et fa\u00e7onn\u00e9s \u00e0 la main avec passion et d\u00e9licatesse.<br data-start=\"268\" data-end=\"271\" \/>D\u00e9pos\u00e9 sur une b\u00fbche, ou un g\u00e2teau, il vient habiller votre dessert d\u2019une <strong data-start=\"355\" data-end=\"380\">note douce et festive<\/strong>, pour un rendu aussi gourmand qu\u2019\u00e9l\u00e9gant.<\/p>\n<ul data-start=\"981\" data-end=\"1239\">\n<li data-start=\"981\" data-end=\"1061\">Le cake topper <strong>No\u00ebl d&rsquo;El\u00e9gance<\/strong> est \u00e0 LED. Il est compos\u00e9 de 2 LED. Les deux languettes LED \u00e0 l&rsquo;arri\u00e8re vous permet de le r\u00e9utiliser ult\u00e9rieurement.<\/li>\n<\/ul>\n<p data-start=\"426\" data-end=\"704\">Ses designs sobres et raffin\u00e9s s\u2019accordent \u00e0 toutes les ambiances : un No\u00ebl traditionnel, une d\u00e9coration naturelle ou une table au charme minimaliste.<br data-start=\"571\" data-end=\"574\" \/>Une petite cr\u00e9ation pleine de c\u0153ur, pens\u00e9e pour <strong data-start=\"622\" data-end=\"699\">illuminer vos desserts et rendre vos moments de partage encore plus beaux<\/strong>.<\/p>\n<h4 data-start=\"948\" data-end=\"980\"><strong data-start=\"956\" data-end=\"980\">D\u00e9tails du produit :<\/strong><\/h4>\n<ul data-start=\"981\" data-end=\"1239\">\n<li data-start=\"981\" data-end=\"1061\">\n<p data-start=\"983\" data-end=\"1061\">En papier \u00e9pais de qualit\u00e9 sup\u00e9rieur confectionn\u00e9 en 3D<\/p>\n<\/li>\n<li data-start=\"1062\" data-end=\"1093\">\n<p data-start=\"1064\" data-end=\"1093\">R\u00e9alis\u00e9 \u00e0 la main avec soin et pr\u00e9cision<\/p>\n<\/li>\n<li data-start=\"1094\" data-end=\"1126\">\n<p data-start=\"1096\" data-end=\"1126\">Design d\u00e9licat et intemporel<\/p>\n<\/li>\n<li data-start=\"1127\" data-end=\"1157\">\n<p data-start=\"1129\" data-end=\"1157\">Dimensions : environ 15 cm de longueur<\/p>\n<\/li>\n<li data-start=\"1158\" data-end=\"1206\">\n<p data-start=\"1160\" data-end=\"1206\">Id\u00e9al pour une b\u00fbche, un g\u00e2teaux ou votre centre de table<\/p>\n<\/li>\n<li data-start=\"1207\" data-end=\"1239\">\n<p data-start=\"1209\" data-end=\"1239\">R\u00e9utilisable \u00e0 volont\u00e9<\/p>\n<\/li>\n<\/ul>\n","protected":false},"excerpt":{"rendered":"<p><strong>Sublimez votre b\u00fbche de No\u00ebl avec un cake topper d\u00e9licat et po\u00e9tique, fait main pour un effet magique sur votre table de f\u00eate<\/strong><\/p>\n","protected":false},"featured_media":2790,"comment_status":"open","ping_status":"closed","template":"","meta":[],"product_brand":[],"product_cat":[38,40],"product_tag":[],"class_list":{"0":"post-2647","1":"product","2":"type-product","3":"status-publish","4":"has-post-thumbnail","6":"product_cat-les-creations-de-saison","7":"product_cat-noel","9":"first","10":"outofstock","11":"shipping-taxable","12":"product-type-simple"},"jetpack_sharing_enabled":true,"wcpa_form_fields":null,"_links":{"self":[{"href":"https:\/\/www.niangacreations.fr\/index.php\/wp-json\/wp\/v2\/product\/2647","targetHints":{"allow":["GET"]}}],"collection":[{"href":"https:\/\/www.niangacreations.fr\/index.php\/wp-json\/wp\/v2\/product"}],"about":[{"href":"https:\/\/www.niangacreations.fr\/index.php\/wp-json\/wp\/v2\/types\/product"}],"replies":[{"embeddable":true,"href":"https:\/\/www.niangacreations.fr\/index.php\/wp-json\/wp\/v2\/comments?post=2647"}],"wp:featuredmedia":[{"embeddable":true,"href":"https:\/\/www.niangacreations.fr\/index.php\/wp-json\/wp\/v2\/media\/2790"}],"wp:attachment":[{"href":"https:\/\/www.niangacreations.fr\/index.php\/wp-json\/wp\/v2\/media?parent=2647"}],"wp:term":[{"taxonomy":"product_brand","embeddable":true,"href":"https:\/\/www.niangacreations.fr\/index.php\/wp-json\/wp\/v2\/product_brand?post=2647"},{"taxonomy":"product_cat","embeddable":true,"href":"https:\/\/www.niangacreations.fr\/index.php\/wp-json\/wp\/v2\/product_cat?post=2647"},{"taxonomy":"product_tag","embeddable":true,"href":"https:\/\/www.niangacreations.fr\/index.php\/wp-json\/wp\/v2\/product_tag?post=2647"}],"curies":[{"name":"wp","href":"https:\/\/api.w.org\/{rel}","templated":true}]}}