{"id":582,"date":"2024-09-17T11:08:24","date_gmt":"2024-09-17T09:08:24","guid":{"rendered":"https:\/\/www.niangacreations.fr\/?post_type=product&#038;p=582"},"modified":"2026-01-10T17:53:30","modified_gmt":"2026-01-10T16:53:30","slug":"boite-cadeau-invite","status":"publish","type":"product","link":"https:\/\/www.niangacreations.fr\/index.php\/produit\/boite-cadeau-invite\/","title":{"rendered":"Bo\u00eete Cadeau Invit\u00e9 Personnalis\u00e9e \u2013 Petit Contenant D\u00e9coratif pour \u00c9v\u00e9nement"},"content":{"rendered":"<p>Apportez une touche \u00e9l\u00e9gante et personnalis\u00e9e \u00e0 vos \u00e9v\u00e9nements avec cette bo\u00eete cadeau invit\u00e9e personnalis\u00e9e, id\u00e9ale pour offrir un petit souvenir \u00e0 vos convives. \u00c0 la fois pratique et d\u00e9corative, elle s\u2019int\u00e8gre parfaitement \u00e0 votre table tout en mettant en valeur votre th\u00e8me.<\/p>\n<p data-start=\"683\" data-end=\"858\">Parfaite pour un anniversaire, un mariage, un bapt\u00eame, une baby shower ou toute autre c\u00e9l\u00e9bration, cette petite bo\u00eete devient un v\u00e9ritable d\u00e9tail qui fait toute la diff\u00e9rence.<\/p>\n<p data-start=\"860\" data-end=\"881\"><strong data-start=\"863\" data-end=\"879\">Points forts :<\/strong><\/p>\n<ul>\n<li data-start=\"883\" data-end=\"1239\">Fermeture invisible par scratch : ouverture et fermeture faciles sans ab\u00eemer la bo\u00eete<\/li>\n<li data-start=\"883\" data-end=\"1239\">\u00a0Design \u00e9l\u00e9gant et personnalisable : th\u00e8me, couleurs et texte adapt\u00e9s \u00e0 votre \u00e9v\u00e9nement<\/li>\n<li data-start=\"883\" data-end=\"1239\">\u00a0Finition soign\u00e9e : r\u00e9alis\u00e9e en papier brillant de qualit\u00e9<\/li>\n<li data-start=\"883\" data-end=\"1239\">\u00a0Bo\u00eete livr\u00e9e vide : \u00e0 garnir selon vos envies<\/li>\n<li data-start=\"883\" data-end=\"1239\">\u00a0Vente \u00e0 l\u2019unit\u00e9 : quantit\u00e9 ajustable selon vos besoins<\/li>\n<\/ul>\n<p data-start=\"1241\" data-end=\"1260\"><strong data-start=\"1244\" data-end=\"1258\">Dimensions :<\/strong><\/p>\n<p data-start=\"1262\" data-end=\"1298\">Hauteur : 10,5 cm<br data-start=\"1279\" data-end=\"1282\" \/>Largeur : 8 cm<\/p>\n<p data-start=\"1300\" data-end=\"1372\">Format id\u00e9al pour drag\u00e9es, bonbons, chocolats, bijoux ou petits cadeaux.<\/p>\n<p data-start=\"1374\" data-end=\"1401\"><strong data-start=\"1377\" data-end=\"1399\">Utilisation id\u00e9ale :<\/strong><\/p>\n<p data-start=\"1403\" data-end=\"1517\">\u2714\ufe0f cadeau invit\u00e9 anniversaire<br data-start=\"1432\" data-end=\"1435\" \/>\u2714\ufe0f mariage<br data-start=\"1445\" data-end=\"1448\" \/>\u2714\ufe0f bapt\u00eame<br data-start=\"1458\" data-end=\"1461\" \/>\u2714\ufe0f baby shower<br data-start=\"1475\" data-end=\"1478\" \/>\u2714\ufe0f f\u00eate \u00e0 th\u00e8me ou \u00e9v\u00e9nement familial<\/p>\n<p data-start=\"1519\" data-end=\"1606\">Un joli contenant qui sublime votre d\u00e9coration et se transforme en souvenir \u00e0 emporter.<\/p>\n<p data-start=\"1608\" data-end=\"1746\"><strong data-start=\"1611\" data-end=\"1642\">Personnalisation :<\/strong><br data-start=\"1642\" data-end=\"1645\" \/>Chaque bo\u00eete est cr\u00e9\u00e9e sur mesure pour s\u2019accorder parfaitement \u00e0 votre univers et \u00e0 votre d\u00e9coration.<\/p>\n<p data-start=\"1748\" data-end=\"1809\">\ud83d\udc49\u00a0Contactez-moi pour personnaliser votre bo\u00eete cadeau invit\u00e9<\/p>\n<p data-start=\"1748\" data-end=\"1809\">\ud83e\udd0d Cr\u00e9ation artisanale r\u00e9alis\u00e9e avec soin pour sublimer vos moments pr\u00e9cieux.<\/p>\n","protected":false},"excerpt":{"rendered":"<p class=\"p1\"><strong>Une attention d\u00e9licate \u00e0 offrir \u00e0 vos invit\u00e9s, en parfaite harmonie avec votre d\u00e9coration<\/strong><\/p>\n<p class=\"p1\">\n","protected":false},"featured_media":2720,"comment_status":"open","ping_status":"closed","template":"","meta":[],"product_brand":[],"product_cat":[25,47],"product_tag":[],"class_list":{"0":"post-582","1":"product","2":"type-product","3":"status-publish","4":"has-post-thumbnail","6":"product_cat-papeterie","7":"product_cat-les-creations-a-personnaliser","8":"wcpa_has_options","10":"first","11":"instock","12":"shipping-taxable","13":"purchasable","14":"product-type-simple"},"jetpack_sharing_enabled":true,"wcpa_form_fields":{"wcpaData":{"product":{"product_price":3.6,"price_html":"<span class=\"woocommerce-Price-amount amount\"><bdi>3,60&nbsp;<span class=\"woocommerce-Price-currencySymbol\">&euro;<\/span><\/bdi><\/span>","original_product_price":3.6,"price_including_tax":3.6,"price_excluding_tax":3.6,"product_id":{"parent":582,"variation":false},"is_variable":false,"stock_status":"instock","stock_quantity":null,"parent_sku":"","product_attributes":{"choix":{"is_variation":false,"values":["2D","3D"]}},"custom_fields":[],"is_taxable":false,"product_name":"Bo\u00eete Cadeau Invit\u00e9 Personnalis\u00e9e \u2013 Petit Contenant D\u00e9coratif pour \u00c9v\u00e9nement","hasImage":false},"fields":{"sec_6674a181dab7e4":{"extra":{"key":"sec_6674a181dab7e4","section_id":"sec_6674a181dab7e4","name":"Default","status":1,"cl_rule":"show","enableCl":false,"relations":[],"toggle":true,"title_tag":"h3","show_title":false,"showPrice":"default","form_id":1441,"form_rules":{"exclude_from_discount":false,"fee_label":"Obligatoire","disp_hide_options_price":false,"disp_show_section_price":false,"disp_show_field_price":false,"layout_option":"standard","pric_use_as_fee":false,"process_fee_as":"woo_fee"},"layout_option":"standard"},"fields":[[{"active":true,"col":6,"relations":false,"cl_rule":"show","enableCl":false,"price":"","enablePrice":false,"className":"","label_position":"default","desc_position":"default","type":"select","required":true,"elementId":"select_9091090051","label":"Choix du th\u00e8me","name":"select_9091090051","values":[{"label":"S\u00e9lectionner","value":"S\u00e9lectionner","selected":false,"tempId":"aco_3651","gt_translate_keys":["label"]},{"label":"1 Babyshower","value":"1 Babyshower","selected":false,"tempId":"aco_3053","gt_translate_keys":["label"]},{"label":"2 Tendre moment","value":"2 Tendre moment","selected":false,"tempId":"aco_2997","gt_translate_keys":["label"]},{"label":"3 C\u00e9l\u00e9bration florale 1","value":"3 C\u00e9l\u00e9bration florale 1","selected":false,"tempId":"aco_1171","gt_translate_keys":["label"]},{"label":"4 C\u00e9l\u00e9bration florale 2","value":"4 C\u00e9l\u00e9bration florale 2","selected":false,"tempId":"aco_1901","gt_translate_keys":["label"]},{"label":"5 Coeur de lapine","value":"5 Coeur de lapine","selected":false,"tempId":"aco_467","gt_translate_keys":["label"]},{"label":"6 Danceuse \u00e9toile","value":"6 Danceuse \u00e9toile","selected":false,"tempId":"aco_192","gt_translate_keys":["label"]},{"label":"7 Renard en f\u00eate","value":"7 Renard en f\u00eate","selected":false,"tempId":"aco_975","gt_translate_keys":["label"]},{"label":"8 Pretty renarde","value":"8 Pretty renarde","selected":false,"tempId":"aco_802","gt_translate_keys":["label"]},{"label":"9 Dans les \u00e9toiles","value":"9 Dans les \u00e9toiles","selected":false,"tempId":"aco_965","gt_translate_keys":["label"]},{"label":"10 Licorne magique","value":"10 Licorne Magique","selected":false,"tempId":"aco_178","gt_translate_keys":["label"]},{"label":"11 Renarde aux pays des r\u00eaves","value":"11 Renarde aux pays des r\u00eaves","selected":false,"tempId":"aco_2317","gt_translate_keys":["label"]},{"label":"12 La lapine et jardin enchant\u00e9","value":"12 La lapine et jardin enchant\u00e9","selected":false,"tempId":"aco_2913","gt_translate_keys":["label"]},{"label":"13 R\u00eaverie \u00e9ph\u00e9m\u00e8re","value":"13 R\u00eaverie \u00e9ph\u00e9m\u00e8re","selected":false,"tempId":"aco_1223","gt_translate_keys":["label"]},{"label":"14 Astronaute","value":"14 Astronaute","selected":false,"tempId":"aco_507","gt_translate_keys":["label"]},{"label":"15 Safari","value":"15 Safari","selected":false,"tempId":"aco_389","gt_translate_keys":["label"]},{"label":"16 Lumi\u00e8re des mers","value":"16 Lumi\u00e8re des mers","selected":false,"tempId":"aco_2714","gt_translate_keys":["label"]},{"label":"17 Cowboy","value":"17 Cowboy","selected":false,"tempId":"aco_1684","gt_translate_keys":["label"]},{"label":"18 Renard en vadrouille","value":"18 Renard en vadrouille","selected":false,"tempId":"aco_19","gt_translate_keys":["label"]},{"label":"19 Pompier","value":"19 Pompier","selected":false,"tempId":"aco_733","gt_translate_keys":["label"]},{"label":"20 Aviateur","value":"20 Aviateur","selected":false,"tempId":"aco_833","gt_translate_keys":["label"]},{"label":"21 Tendre ourson","value":"21 Tendre ourson","selected":false,"tempId":"aco_843","gt_translate_keys":["label"]},{"label":"22 Douceur florale","value":"22 Douceur florale","selected":false,"tempId":"aco_2969","gt_translate_keys":["label"]},{"label":"23 El\u00e9gance v\u00e9g\u00e9tale","value":"23 El\u00e9gance v\u00e9g\u00e9tale","selected":false,"tempId":"aco_2941","gt_translate_keys":["label"]},{"label":"24 Mariage","value":"24 Mariage","selected":false,"tempId":"aco_1431","gt_translate_keys":["label"]},{"label":"25 Cin\u00e9ma","value":"25 Cin\u00e9ma","selected":false,"tempId":"aco_191","gt_translate_keys":["label"]},{"label":"26 Eclat de couleurs","value":"26 Eclat de couleurs","selected":false,"tempId":"aco_3025","gt_translate_keys":["label"]},{"label":"27 Ourson en montgolfi\u00e8re","value":"27 Ourson en montgolfi\u00e8re","selected":false,"tempId":"aco_765","gt_translate_keys":["label"]}],"error":false,"dropdown_type":"basic","gt_translate_keys":["label"],"price_dependency":false,"cl_dependency":false,"value":""}]]},"sec_766fbc49c2ebbc":{"extra":{"key":"sec_766fbc49c2ebbc","section_id":"sec_766fbc49c2ebbc","name":"Default","status":1,"toggle":true,"form_id":651,"form_rules":{"exclude_from_discount":false,"fee_label":"Obligatoire","disp_hide_options_price":false,"disp_show_section_price":false,"disp_show_field_price":false,"layout_option":"standard","pric_use_as_fee":false,"process_fee_as":"woo_fee"},"layout_option":"standard"},"fields":[[{"active":true,"col":6,"relations":false,"cl_rule":"show","enableCl":false,"price":"","enablePrice":false,"className":"","type":"text","subtype":"text","required":true,"elementId":"text_9586722320","label":"Inscription souhait\u00e9e (pr\u00e9nom, \u00e2ge, initiales...)","name":"text_9586722320","value":"","error":false,"gt_translate_keys":["label","value"],"price_dependency":false,"cl_dependency":false}],[{"active":true,"col":6,"relations":false,"cl_rule":"show","enableCl":false,"price":"","enablePrice":true,"className":"","label_position":"default","desc_position":"default","type":"checkbox-group","required":false,"elementId":"checkgroup_8963761336","label":"Option (+2,00\u20ac)","name":"checkgroup_8963761336","values":[{"label":"3D","value":"3D","selected":false,"tempId":"aco_1391","price":"2","gt_translate_keys":["label"]}],"layOut":"","error":false,"checkUi":"","priceOptions":"different_for_all","pricingType":"fixed","gt_translate_keys":["label"],"price_dependency":false,"cl_dependency":["text_8475208946"],"value":""}],[{"active":true,"col":6,"relations":[{"operator":false,"rules":[{"operator":"or","rules":{"cl_field":"checkgroup_8963761336","cl_relation":"is","cl_val":"3D"}},{"operator":"AND","rules":{"cl_field":"text_8475208946","cl_relation":"0","cl_val":""}}]}],"cl_rule":"show","enableCl":true,"price":"","enablePrice":false,"className":"","label_position":"default","desc_position":"default","type":"text","subtype":"text","required":true,"elementId":"text_8475208946","label":"Si l'option 3D choisie, notez l'inscription (pr\u00e9nom, \u00e2ge, initiales...)","name":"text_8475208946","value":"","error":false,"gt_translate_keys":["label","value"],"price_dependency":false,"cl_dependency":["text_8475208946"]}],[{"active":true,"col":6,"relations":false,"cl_rule":"show","enableCl":false,"price":"","enablePrice":false,"className":"","type":"date","required":true,"elementId":"date_1784132763","name":"date_1784132763","label":"Date de l'\u00e9v\u00e8nement","picker_type":"custom","picker_mode":"single","error":false,"gt_translate_keys":["label"],"price_dependency":false,"cl_dependency":false,"value":""}]]}},"config":{"price_override":"","enable_recaptcha":false,"bind_quantity":false,"quantity_bind_formula":false,"disp_summ_show_option_price":false,"disp_summ_show_product_price":false,"disp_summ_show_total_price":false,"disp_summ_show_fee":false,"disp_summ_show_discount":false,"summary_title":"","options_total_label":"Prix des options","total_label":"Total","options_product_label":"Product Price","fee_label":"Obligatoire","discount_label":"Discount","has_price":true,"has_quantity_formula":false},"mc_unit":1,"tax_rate":1,"tax_rate_real":1,"discount":{"percentage":0,"fixed":0},"design":{"conf":{"LabelPosition":"above","DescPosition":"above","UploadField":"custom_1","QuantityFieldStyle":"default"},"css":{"LeftLabelWidth":"80px"}},"formulas":[],"lookuptables":[],"clones":false,"cartKey":false}},"_links":{"self":[{"href":"https:\/\/www.niangacreations.fr\/index.php\/wp-json\/wp\/v2\/product\/582","targetHints":{"allow":["GET"]}}],"collection":[{"href":"https:\/\/www.niangacreations.fr\/index.php\/wp-json\/wp\/v2\/product"}],"about":[{"href":"https:\/\/www.niangacreations.fr\/index.php\/wp-json\/wp\/v2\/types\/product"}],"replies":[{"embeddable":true,"href":"https:\/\/www.niangacreations.fr\/index.php\/wp-json\/wp\/v2\/comments?post=582"}],"wp:featuredmedia":[{"embeddable":true,"href":"https:\/\/www.niangacreations.fr\/index.php\/wp-json\/wp\/v2\/media\/2720"}],"wp:attachment":[{"href":"https:\/\/www.niangacreations.fr\/index.php\/wp-json\/wp\/v2\/media?parent=582"}],"wp:term":[{"taxonomy":"product_brand","embeddable":true,"href":"https:\/\/www.niangacreations.fr\/index.php\/wp-json\/wp\/v2\/product_brand?post=582"},{"taxonomy":"product_cat","embeddable":true,"href":"https:\/\/www.niangacreations.fr\/index.php\/wp-json\/wp\/v2\/product_cat?post=582"},{"taxonomy":"product_tag","embeddable":true,"href":"https:\/\/www.niangacreations.fr\/index.php\/wp-json\/wp\/v2\/product_tag?post=582"}],"curies":[{"name":"wp","href":"https:\/\/api.w.org\/{rel}","templated":true}]}}